{"id":347,"date":"2024-09-16T09:49:09","date_gmt":"2024-09-16T09:49:09","guid":{"rendered":"https:\/\/suspicious-lederberg.195-242-103-108.plesk.page\/?page_id=347"},"modified":"2024-10-16T17:03:15","modified_gmt":"2024-10-16T17:03:15","slug":"kuhna-mauer","status":"publish","type":"page","link":"https:\/\/kuhna-stiftung.org\/index.php\/kuhna-mauer\/","title":{"rendered":"&#8222;KUHNA-Mauer&#8220;"},"content":{"rendered":"\n<p>1997 hatte der K\u00fcnstler und Kunstprofessor Hermann-Josef Kuhna gemeinsam mit seinen Studenten die Arbeit \u201e<em><strong>Rivertime<\/strong><\/em>\u201c, bestehend aus hunderttausenden Farbflecken an die Seitenw\u00e4nde der Treppe am <a href=\"https:\/\/www.visitduesseldorf.de\/attraktionen\/burgplatz-0b50fcf76f\" target=\"_blank\" rel=\"noreferrer noopener\">Burgplatz<\/a> und die angrenzende Rheinmauer gemalt. Das 320 Quadratmeter gro\u00dfe Gem\u00e4lde, ausgef\u00fchrt in Reinacryl auf Beton, galt fortan als weit sichtbares Aush\u00e4ngeschild D\u00fcsseldorfs und wurde zu einem markanten Treffpunkt f\u00fcr zahllose Altstadtbesucher. <br><br>Verwitterung und Vandalismus machten leider regelm\u00e4\u00dfig Ausbesserungsarbeiten notwendig, sodass das Werk schlie\u00dflich 2017 auf Initiative und unter Anleitung Kuhnas durch die neue Version aus Bruchkeramik ersetzt wurde. <br><br>Seither erstrahlt das inzwischen vom Volksmund &#8222;KUHNA-Mauer&#8220; getaufte Werk in neuem Glanz und ist ein Highlight f\u00fcr Flaneure auf der Rheinpromenade und Passagiere der Rheinschiffahrt.<br><\/p>\n\n\n\n<figure class=\"wp-block-image size-large is-resized\"><img loading=\"lazy\" decoding=\"async\" width=\"683\" height=\"1024\" src=\"https:\/\/kuhna-stiftung.org\/wp-content\/uploads\/2024\/09\/\u00a9-Visit-Duesseldorf-\u00b7-CC-BY-SA-1-683x1024.jpg\" alt=\"\" class=\"wp-image-348\" style=\"width:300px\" srcset=\"https:\/\/kuhna-stiftung.org\/wp-content\/uploads\/2024\/09\/\u00a9-Visit-Duesseldorf-\u00b7-CC-BY-SA-1-683x1024.jpg 683w, https:\/\/kuhna-stiftung.org\/wp-content\/uploads\/2024\/09\/\u00a9-Visit-Duesseldorf-\u00b7-CC-BY-SA-1-200x300.jpg 200w, https:\/\/kuhna-stiftung.org\/wp-content\/uploads\/2024\/09\/\u00a9-Visit-Duesseldorf-\u00b7-CC-BY-SA-1-768x1152.jpg 768w, https:\/\/kuhna-stiftung.org\/wp-content\/uploads\/2024\/09\/\u00a9-Visit-Duesseldorf-\u00b7-CC-BY-SA-1-1024x1536.jpg 1024w, https:\/\/kuhna-stiftung.org\/wp-content\/uploads\/2024\/09\/\u00a9-Visit-Duesseldorf-\u00b7-CC-BY-SA-1-1365x2048.jpg 1365w, https:\/\/kuhna-stiftung.org\/wp-content\/uploads\/2024\/09\/\u00a9-Visit-Duesseldorf-\u00b7-CC-BY-SA-1-100x150.jpg 100w, https:\/\/kuhna-stiftung.org\/wp-content\/uploads\/2024\/09\/\u00a9-Visit-Duesseldorf-\u00b7-CC-BY-SA-1-150x225.jpg 150w, https:\/\/kuhna-stiftung.org\/wp-content\/uploads\/2024\/09\/\u00a9-Visit-Duesseldorf-\u00b7-CC-BY-SA-1-300x450.jpg 300w, https:\/\/kuhna-stiftung.org\/wp-content\/uploads\/2024\/09\/\u00a9-Visit-Duesseldorf-\u00b7-CC-BY-SA-1-450x675.jpg 450w, https:\/\/kuhna-stiftung.org\/wp-content\/uploads\/2024\/09\/\u00a9-Visit-Duesseldorf-\u00b7-CC-BY-SA-1-600x900.jpg 600w, https:\/\/kuhna-stiftung.org\/wp-content\/uploads\/2024\/09\/\u00a9-Visit-Duesseldorf-\u00b7-CC-BY-SA-1-900x1350.jpg 900w, https:\/\/kuhna-stiftung.org\/wp-content\/uploads\/2024\/09\/\u00a9-Visit-Duesseldorf-\u00b7-CC-BY-SA-1.jpg 1600w\" sizes=\"auto, (max-width: 683px) 100vw, 683px\" \/><figcaption class=\"wp-element-caption\">\u00a9 Visit Du\u0308sseldorf \u00b7 <a href=\"https:\/\/creativecommons.org\/licenses\/by-sa\/4.0\/legalcode.de\" target=\"_blank\" rel=\"noreferrer noopener\">CC BY-SA<\/a><\/figcaption><\/figure>\n\n\n\n<figure class=\"wp-block-image size-large is-resized\"><img loading=\"lazy\" decoding=\"async\" width=\"683\" height=\"1024\" src=\"https:\/\/kuhna-stiftung.org\/wp-content\/uploads\/2024\/09\/\u00a9-Visit-Duesseldorf-\u00b7-CC-BY-SA-3-683x1024.jpg\" alt=\"\" class=\"wp-image-349\" style=\"width:300px\" srcset=\"https:\/\/kuhna-stiftung.org\/wp-content\/uploads\/2024\/09\/\u00a9-Visit-Duesseldorf-\u00b7-CC-BY-SA-3-683x1024.jpg 683w, https:\/\/kuhna-stiftung.org\/wp-content\/uploads\/2024\/09\/\u00a9-Visit-Duesseldorf-\u00b7-CC-BY-SA-3-200x300.jpg 200w, https:\/\/kuhna-stiftung.org\/wp-content\/uploads\/2024\/09\/\u00a9-Visit-Duesseldorf-\u00b7-CC-BY-SA-3-768x1152.jpg 768w, https:\/\/kuhna-stiftung.org\/wp-content\/uploads\/2024\/09\/\u00a9-Visit-Duesseldorf-\u00b7-CC-BY-SA-3-1024x1536.jpg 1024w, https:\/\/kuhna-stiftung.org\/wp-content\/uploads\/2024\/09\/\u00a9-Visit-Duesseldorf-\u00b7-CC-BY-SA-3-1365x2048.jpg 1365w, https:\/\/kuhna-stiftung.org\/wp-content\/uploads\/2024\/09\/\u00a9-Visit-Duesseldorf-\u00b7-CC-BY-SA-3-100x150.jpg 100w, https:\/\/kuhna-stiftung.org\/wp-content\/uploads\/2024\/09\/\u00a9-Visit-Duesseldorf-\u00b7-CC-BY-SA-3-150x225.jpg 150w, https:\/\/kuhna-stiftung.org\/wp-content\/uploads\/2024\/09\/\u00a9-Visit-Duesseldorf-\u00b7-CC-BY-SA-3-300x450.jpg 300w, https:\/\/kuhna-stiftung.org\/wp-content\/uploads\/2024\/09\/\u00a9-Visit-Duesseldorf-\u00b7-CC-BY-SA-3-450x675.jpg 450w, https:\/\/kuhna-stiftung.org\/wp-content\/uploads\/2024\/09\/\u00a9-Visit-Duesseldorf-\u00b7-CC-BY-SA-3-600x900.jpg 600w, https:\/\/kuhna-stiftung.org\/wp-content\/uploads\/2024\/09\/\u00a9-Visit-Duesseldorf-\u00b7-CC-BY-SA-3-900x1350.jpg 900w, https:\/\/kuhna-stiftung.org\/wp-content\/uploads\/2024\/09\/\u00a9-Visit-Duesseldorf-\u00b7-CC-BY-SA-3.jpg 1600w\" sizes=\"auto, (max-width: 683px) 100vw, 683px\" \/><figcaption class=\"wp-element-caption\">\u00a9 Visit Du\u0308sseldorf \u00b7 <a href=\"https:\/\/creativecommons.org\/licenses\/by-sa\/4.0\/legalcode.de\" target=\"_blank\" rel=\"noreferrer noopener\">CC BY-SA<\/a><\/figcaption><\/figure>\n\n\n\n<figure class=\"wp-block-image size-full is-resized\"><img loading=\"lazy\" decoding=\"async\" width=\"768\" height=\"511\" src=\"https:\/\/kuhna-stiftung.org\/wp-content\/uploads\/2024\/09\/\u00a9-Visit-Duesseldorf-\u00b7-CC-BY-SA-4.jpg\" alt=\"\" class=\"wp-image-350\" style=\"object-fit:cover;width:639px;height:300px\" srcset=\"https:\/\/kuhna-stiftung.org\/wp-content\/uploads\/2024\/09\/\u00a9-Visit-Duesseldorf-\u00b7-CC-BY-SA-4.jpg 768w, https:\/\/kuhna-stiftung.org\/wp-content\/uploads\/2024\/09\/\u00a9-Visit-Duesseldorf-\u00b7-CC-BY-SA-4-300x200.jpg 300w, https:\/\/kuhna-stiftung.org\/wp-content\/uploads\/2024\/09\/\u00a9-Visit-Duesseldorf-\u00b7-CC-BY-SA-4-100x67.jpg 100w, https:\/\/kuhna-stiftung.org\/wp-content\/uploads\/2024\/09\/\u00a9-Visit-Duesseldorf-\u00b7-CC-BY-SA-4-150x100.jpg 150w, https:\/\/kuhna-stiftung.org\/wp-content\/uploads\/2024\/09\/\u00a9-Visit-Duesseldorf-\u00b7-CC-BY-SA-4-200x133.jpg 200w, https:\/\/kuhna-stiftung.org\/wp-content\/uploads\/2024\/09\/\u00a9-Visit-Duesseldorf-\u00b7-CC-BY-SA-4-450x299.jpg 450w, https:\/\/kuhna-stiftung.org\/wp-content\/uploads\/2024\/09\/\u00a9-Visit-Duesseldorf-\u00b7-CC-BY-SA-4-600x399.jpg 600w\" sizes=\"auto, (max-width: 768px) 100vw, 768px\" \/><figcaption class=\"wp-element-caption\">\u00a9 Visit Du\u0308sseldorf \u00b7 <a href=\"https:\/\/creativecommons.org\/licenses\/by-sa\/4.0\/legalcode.de\" target=\"_blank\" rel=\"noreferrer noopener\">CC BY-SA<\/a><\/figcaption><\/figure>\n\n\n\n<p><\/p>\n","protected":false},"excerpt":{"rendered":"<p>1997 hatte der K\u00fcnstler und Kunstprofessor Hermann-Josef Kuhna gemeinsam mit seinen Studenten die Arbeit \u201eRivertime\u201c, bestehend aus hunderttausenden Farbflecken an die Seitenw\u00e4nde der Treppe am Burgplatz und die angrenzende Rheinmauer gemalt. Das 320 Quadratmeter gro\u00dfe Gem\u00e4lde, ausgef\u00fchrt in Reinacryl auf &hellip;<\/p>\n<p class=\"read-more\"> <a class=\"more-link\" href=\"https:\/\/kuhna-stiftung.org\/index.php\/kuhna-mauer\/\"> <span class=\"screen-reader-text\">&#8222;KUHNA-Mauer&#8220;<\/span> Weiterlesen &raquo;<\/a><\/p>\n","protected":false},"author":1,"featured_media":0,"parent":0,"menu_order":0,"comment_status":"closed","ping_status":"closed","template":"","meta":{"footnotes":""},"class_list":["post-347","page","type-page","status-publish","hentry"],"_links":{"self":[{"href":"https:\/\/kuhna-stiftung.org\/index.php\/wp-json\/wp\/v2\/pages\/347","targetHints":{"allow":["GET"]}}],"collection":[{"href":"https:\/\/kuhna-stiftung.org\/index.php\/wp-json\/wp\/v2\/pages"}],"about":[{"href":"https:\/\/kuhna-stiftung.org\/index.php\/wp-json\/wp\/v2\/types\/page"}],"author":[{"embeddable":true,"href":"https:\/\/kuhna-stiftung.org\/index.php\/wp-json\/wp\/v2\/users\/1"}],"replies":[{"embeddable":true,"href":"https:\/\/kuhna-stiftung.org\/index.php\/wp-json\/wp\/v2\/comments?post=347"}],"version-history":[{"count":4,"href":"https:\/\/kuhna-stiftung.org\/index.php\/wp-json\/wp\/v2\/pages\/347\/revisions"}],"predecessor-version":[{"id":375,"href":"https:\/\/kuhna-stiftung.org\/index.php\/wp-json\/wp\/v2\/pages\/347\/revisions\/375"}],"wp:attachment":[{"href":"https:\/\/kuhna-stiftung.org\/index.php\/wp-json\/wp\/v2\/media?parent=347"}],"curies":[{"name":"wp","href":"https:\/\/api.w.org\/{rel}","templated":true}]}}